8
Let o(y) = y**3 - 13*y**2 - 30*y + 4. What is o(15)?
4
Let z(x) = 40*x - 643. Calculate z(16).
-3
Let p(b) = b**3 + 7*b**2 + 12*b + 76. What is p(-7)?
-8
Let o(r) = -r**3 - 7*r**2 - 7*r - 9. Give o(-6).
-3
Let c(m) = -3*m - 19. Calculate c(8).
-43
Let m(o) = -o**2 - 8*o - 14. Determine m(-13).
-79
Let s(l) = -11*l - 42. What is s(-3)?
-9
Let n(d) = -44*d**3 - 1. What is n(-1)?
43
Let g(m) = 9*m + 39. What is g(-4)?
3
Let m(n) = n**3 + 54*n**2 - n - 50. Calculate m(-54).
4
Let l(g) = g**3 - 5*g**2 + 5*g - 5. What is l(4)?
-1
Let y(h) = h**2 + 3*h - 9. Determine y(-5).
1
Let g(i) = -4*i**2 - 33*i + 22. Calculate g(-9).
-5
Let y(x) = 3*x + 2. Calculate y(3).
11
Let r(f) = f**3 - 20*f**2 - 21*f + 7. Determine r(21).
7
Let x(w) = w**2 + 6*w - 11. Give x(-11).
44
Let b(r) = -17*r + 7. What is b(3)?
-44
Let y(d) = -5*d**2 - 6*d - 5. Give y(-3).
-32
Let s(h) = -h**2 - 12*h - 4. What is s(-12)?
-4
Let r(x) = -2*x - 17. Give r(13).
-43
Let o(j) = -j**3 - j**2 + 2*j - 3. Give o(-4).
37
Let p(z) = -z**2 + 10*z - 3. What is p(10)?
-3
Let s(l) = 2*l**2 + 9*l - 10. What is s(3)?
35
Let i(t) = t**3 - 12*t**2 + 5*t + 14. Determine i(11).
-52
Let a(g) = g**2 - 18*g + 25. Give a(11).
-52
Let m(r) = -3*r - 11. What is m(-12)?
25
Let j(l) = -l**3 + 8*l**2 - 4*l + 9. Calculate j(8).
-23
Let c(a) = a**3 + 11*a**2 + 21*a + 30. Give c(-9).
3
Let u(r) = -3*r - 5. Give u(-3).
4
Let m(z) = 2*z**2 - 7*z - 2. Determine m(6).
28
Let g(f) = f**2 - 39*f + 98. Determine g(36).
-10
Let r(q) = -2*q**3 + q**2 - 2. Determine r(2).
-14
Let h(z) = 2*z - 2. Calculate h(-3).
-8
Let s(z) = -3*z + 2. Give s(4).
-10
Let j(l) = -l**3 - 3*l**2 + 11*l + 22. Give j(-5).
17
Let g(z) = z**3 + 8*z**2 + 82*z + 423. Determine g(-6).
3
Let i(j) = -j**3 - 10*j**2 + 3*j + 9. Calculate i(-10).
-21
Let v(x) = x**2 - 19*x + 23. Determine v(16).
-25
Let f(n) = n + 2. What is f(0)?
2
Let j(h) = h**3 + 18*h**2 - 36*h + 90. Give j(-20).
10
Let x(z) = 2*z**3 - 12*z**2 + 9*z - 66. Give x(6).
-12
Let u(l) = -l**3 - 30*l**2 + 30*l - 24. Calculate u(-31).
7
Let s(o) = 2*o**2 - 23*o + 25. Calculate s(10).
-5
Let z(b) = -3*b**3 + 5*b**2 - 4*b - 6. Determine z(3).
-54
Let g(x) = x**3 - x**2 - 6*x + 4. What is g(2)?
-4
Let f(y) = -y**2 - 20*y - 80. Determine f(-15).
-5
Let s(g) = -2*g**3 - 14*g**2. What is s(-7)?
0
Let f(t) = -t**2 + 12*t + 8. What is f(5)?
43
Let l(c) = c**3 + 8*c**2 + 11*c + 9. Calculate l(-7).
-19
Let l(j) = -12*j**2 + 3*j - 5. Calculate l(2).
-47
Let a(i) = -i**3 - 3*i**2 + 4*i - 6. What is a(-5)?
24
Let z(l) = 6*l - 49. Calculate z(5).
-19
Let a(t) = t**2 - 12*t - 11. Determine a(10).
-31
Let z(n) = 5*n**2 - 39*n + 1. Calculate z(8).
9
Let g(p) = p**3 - 8*p**2 + 5*p + 10. What is g(8)?
50
Let u(v) = -v + 22. What is u(21)?
1
Let u(r) = -6*r + 18. Determine u(2).
6
Let y(h) = h**3 + 3*h**2 + 2*h - 6. Calculate y(2).
18
Let z(q) = q + 34. What is z(-12)?
22
Let l(o) = 2*o**2 + 16*o + 19. Give l(-5).
-11
Let d(f) = 2*f**2 - 28*f + 20. Give d(11).
-46
Let d(p) = 7*p + 17. What is d(-2)?
3
Let p(m) = m**2 + 3*m - 27. Give p(-8).
13
Let w(g) = 17*g**3 - g**2 - g. Calculate w(-1).
-17
Let j(a) = a**2 - 4*a + 5. What is j(7)?
26
Let q(w) = -7*w**2 + 64*w - 13. Determine q(9).
-4
Let v(r) = 49*r. Determine v(-1).
-49
Let t(f) = -f**3 - 12*f**2 - 10*f + 6. Calculate t(-11).
-5
Let r(z) = -z**2 - 8*z - 7. Give r(-8).
-7
Let r(u) = 2*u**2 + 63*u + 9. Give r(-31).
-22
Let g(t) = t**3 + t**2 - 3*t - 1. Give g(-2).
1
Let n(u) = -u**3 + u. Give n(0).
0
Let h(p) = -43*p - 203. What is h(-5)?
12
Let d(i) = -25*i + 326. Give d(13).
1
Let i(a) = a**3 - 4*a**2 - 7*a + 4. What is i(6)?
34
Let k(n) = -4*n**3 + 1. Determine k(1).
-3
Let k(z) = -z**3 + 15*z**2 + 34*z - 4. What is k(17)?
-4
Let u(z) = -z**3 - 4*z**2 - z. Calculate u(-2).
-6
Let g(k) = k + 6. Calculate g(8).
14
Let s(b) = 2*b**3 + 5*b**2 - 14*b - 8. Give s(-4).
0
Let y(m) = m**3 - 3*m**2 - 5*m + 21. Give y(5).
46
Let a(d) = -3*d - 6. Calculate a(-1).
-3
Let c(f) = -f**2 - 2*f - 15. Determine c(3).
-30
Let h(b) = -b**2 - 29*b + 62. Determine h(2).
0
Let r(z) = z**3 + 6*z**2 - 2*z - 12. Determine r(-6).
0
Let f(s) = 15*s - 53. Calculate f(0).
-53
Let i(z) = 6*z + 35. Determine i(-10).
-25
Let k(a) = a**2 + 11*a - 11. Calculate k(-10).
-21
Let w(q) = 3*q**3 - 2*q**2 + 1. Give w(2).
17
Let r(s) = 2*s**2 + 25*s + 59. What is r(-3)?
2
Let g(z) = 15*z**3 + z**2 - z + 1. Determine g(1).
16
Let b(g) = g**3 - 5*g**2 + g - 29. Give b(6).
13
Let u(h) = -4*h - 60. Calculate u(-14).
-4
Let n(b) = -18*b - 590. What is n(-33)?
4
Let h(z) = -z**3 - 6*z**2 + z - 2. What is h(-5)?
-32
Let f(i) = -2*i**3 + 4*i**2 + 9*i - 2. Give f(-2).
12
Let c(s) = -s**2 - 39*s - 297. What is c(-31)?
-49
Let p(a) = a**2 - 24*a + 2. Determine p(4).
-78
Let m(u) = 2*u**2 + 3*u - 1. What is m(2)?
13
Let k(g) = 2*g**2 - 9*g - 9. Calculate k(7).
26
Let c(m) = -7*m**3 - 4*m**2 - 3*m - 1. Give c(-2).
45
Let y(g) = -3*g**3 - 2*g - 3. Determine y(-1).
2
Let v(g) = -12*g**3 - 1. What is v(1)?
-13
Let i(h) = 4*h - 70. Give i(13).
-18
Let a(n) = -10*n**2. What is a(-1)?
-10
Let d(g) = 5*g + 10. Calculate d(-6).
-20
Let x(i) = -i**3 - 7*i**2 + 16*i. Calculate x(-9).
18
Let j(b) = 5*b + 8. Calculate j(6).
38
Let r(t) = t**3 + 4*t**2 - 10*t + 2. Give r(2).
6
Let o(l) = -2*l - 27. Determine o(-11).
-5
Let l(b) = -b**3 - 18*b**2 - 3*b - 57. Give l(-18).
-3
Let k(i) = -23*i**2 - 1. What is k(1)?
-24
Let g(k) = 2*k - 18. Determine g(-10).
-38
Let l(h) = h**2 + 23*h + 51. Give l(-6).
-51
Let l(s) = -3*s**2 + 8*s + 4. What is l(5)?
-31
Let x(n) = -n**3 - 23*n**2 - 19*n + 76. Calculate x(-22).
10
Let j(q) = -q + 2. Calculate j(3).
-1
Let f(y) = y - 4. Calculate f(-2).
-6
Let q(z) = z**3 + 25*z**2 + 3*z + 44. What is q(-25)?
-31
Let v(m) = m**2 - 8*m - 3. Calculate v(-2).
17
Let d(j) = 8*j - 139. Give d(17).
-3
Let r(j) = -2*j**3 + 46*j**2 + 51*j - 76. What is r(24)?
-4
Let l(k) = -k - 41. Give l(-12).
-29
Let z(t) = 2*t + 1. Determine z(-1).
-1
Let t(s) = s**2 - 18*s + 35. Determine t(10).
-45
Let y(x) = -x**3 + 8*x**2 - 11*x - 32. Determine y(5).
-12
Let f(b) = -b**2 - 5*b - 22. Calculate f(-9).
-58
Let j(y) = y - 2. Give j(8).
6
Let d(m) = m**2 + 8*m - 5. Give d(-11).
28
Let f(k) = -2*k - 25. What is f(-8)?
-9
Let o(a) = -5*a - 11. Determine o(-19).
84
Let j(q) = 48*q - 2. Determine j(1).
46
Let u(i) = -6*i - 31. What is u(-5)?
-1
Let q(g) = -g**2 - 5*g - 27. Calculate q(-12).
-111
Let k(z) = -z**2 - z - 64. Determine k(0).
-64
Let i(k) = -5*k - 6. Calculate i(-6).
24
Let w(j) = j**3 + 14*j**2 - 12*j + 9. What is w(-15)?
-36
Let c(f) = -f**2 - 8*f - 1. Calculate c(-8).
-1
Let m(j) = 5*j + 45. What is m(8)?
85
Let a(d) = -d**3 - 5*d**2 + 14*d + 25. Give a(-7).
25
Let v(y) = -y**3 + 7*y**2 - 22. Give v(6).
14
Let f(x) = -x**3 + 9*x**2 - 8*x + 3. Determine f(8).
3
Let v(z) = -z**3 + z**2 - z - 7. Calculate v(0).
-7
Let l(n) = -n**2 + 10*n + 3. What is l(10)?
3
Let x(v) = v**2 + 20*v + 98. Calculate x(-9).
-1
Let g(h) = h**3 + h**2 - 3. Determine g(0).
-3
Let s(m) = -10*m**2. Give s(1).
-10
Let m(r) = r**3 + 16*r**2 - 4*r - 22. Calculate m(-16).
42
Let w(s) = s - 54. Determine w(24).
-30
Let s(f) = -8*f**2 - 272*f. Give s(-34).
0
Let f(v) = -14*v**2 + 65*v + 5. Give f(5).
-20
Let x(c) = c**3 - 6*c**2 + 6*c + 3. Determine x(5).
8
Let f(m) = -14*m**2 - m. Calculate f(-1).
-13
Let o(a) = -a**3 - 5*a**2 + 3*a + 3. Determine o(-5).
-12
Let l(h) = -3*h. Determine l(7).
-21
Let a(o) = -27*o**2 + 269*o + 11. Calculate a(10).
1
Let p(i) = -3*i**3 - 62*i**2 - 40*i - 1. Give p(-20).
-1
Let b(x) = -x**2 - 2*x + 1. Calculate b(-5).
-14
Let m(n) = -n**3 + 16*n**2 + 18*n - 10. What is m(17)?
7
Let c(r) = -r**2 + 6*r - 16. What is c(5)?
-11
Let v(y) = 3*y + 11. What is v(-13)?
-28
Let f(o) = 2*o - 1. Give f(-15).
-31
Let d(p) = -3*p - 35. Determine d(18).
-89
Let h(m) = 3*m**2 + 70*m + 95. Determine h(-22).
7
Let q(w) = 13*w - 3. What is q(2)?
23
Let g(f) = 13*f - 2. Calculate g(-3).
-41
Let z(b) = -33*b - 236. Give z(-7).
-5
Let t(d) = d**2 - 11*d + 38. Determine t(8).
14
Let z(v) = -v**2 + 19*v + 9. What is z(15)?
69
Let s(i) = -4*i**2 + 19*i + 17. Give s(7).
-46
Let l(x) = x - 14. Calculate l(7).
-7
Let t(k) = 2*k**3 + 17*k**2 + 10*k - 2. Give t(-8).
-18
Let s(i) = -i**3 - i - 6. What is s(0)?
-6
Let q(z) = 2*z**3 + 5